hat is 17522 (base 9) in base 14?
4597
-261 (base 14) to base 4
-13131
Convert -1b4 (base 15) to base 2.
-110001010
What is -3301 (base 16) in base 8?
-31401
What is 24240 (base 5) in base 13?
aa0
1332 (base 5) to base 3
22001
Convert 221453 (base 7) to base 8.
114121
What is -76 (base 11) in base 8?
-123
7e (base 16) to base 15
86
Convert 50c (base 14) to base 5.
12432
What is c77b (base 14) in base 2?
1000011001101001
818 (base 13) to base 2
10101011101
What is 12200221 (base 3) in base 16?
103c
Convert 15b7 (base 16) to base 11.
41a4
69a0 (base 13) to base 3
202100101
What is -2d21 (base 14) in base 16?
-1f81
-3202 (base 4) to base 6
-1014
Convert 2062 (base 13) to base 12.
270a
Convert -11771 (base 15) to base 2.
-1101100110000001
Convert 13431 (base 10) to base 11.
a100
-16a9 (base 12) to base 2
-101010100001
Convert 1b9 (base 13) to base 3.
102220
What is -3032 (base 5) in base 8?
-610
-10122 (base 6) to base 14
-6c2
What is 18947 (base 13) in base 12?
23745
Convert 22627 (base 12) to base 9.
68764
10646 (base 16) to base 4
100121012
761 (base 10) to base 9
1035
914 (base 11) to base 12
780
Convert -39a (base 11) to base 7.
-1243
Convert -2007 (base 10) to base 5.
-31012
-4934 (base 10) to base 5
-124214
20130 (base 7) to base 12
29a0
210201 (base 3) to base 10
586
Convert 1023130 (base 4) to base 11.
369a
b86 (base 13) to base 15
8b4
What is -346 (base 13) in base 8?
-1065
Convert 1a881 (base 14) to base 12.
33101
1054 (base 11) to base 5
21030
4343 (base 6) to base 11
829
a69 (base 13) to base 2
11011110001
What is 184c (base 13) in base 14?
1461
Convert 4998 (base 13) to base 8.
24302
Convert -3309 (base 14) to base 4.
-2021331
26243 (base 9) to base 5
1031242
What is -1300241 (base 5) in base 4?
-12013233
What is -509 (base 14) in base 4?
-33131
-16663 (base 8) to base 3
-101102121
Convert 50335 (base 9) to base 3.
1200101012
16636 (base 7) to base 10
4780
Convert 54c9 (base 13) to base 7.
46323
10100022222 (base 3) to base 9
110288
-4243 (base 10) to base 7
-15241
1715 (base 9) to base 8
2436
Convert 10110101011000 (base 2) to base 9.
16827
-5707 (base 12) to base 2
-10010110110111
Convert -691a (base 12) to base 15.
-36e1
-66444 (base 7) to base 12
-97b0
What is -22 (base 15) in base 3?
-1012
Convert -912a (base 14) to base 6.
-311230
What is 21220211 (base 3) in base 12?
3411
1111001001 (base 2) to base 14
4d3
What is 3529 (base 10) in base 6?
24201
6d29 (base 16) to base 13
c948
-a22 (base 14) to base 5
-30430
Convert bc75 (base 13) to base 16.
66b3
What is 1b982 (base 14) in base 3?
10120200022
What is 453 (base 10) in base 7?
1215
-172 (base 15) to base 8
-514
134 (base 5) to base 9
48
2776 (base 11) to base 6
24344
89c (base 15) to base 12
1163
3410 (base 11) to base 15
14e3
What is -40 (base 16) in base 13?
-4c
1323 (base 10) to base 9
1730
Convert -3b9 (base 12) to base 8.
-1075
What is -1344 (base 13) in base 10?
-2760
-6375 (base 11) to base 10
-8431
What is 535 (base 14) in base 12?
717
2547 (base 12) to base 9
5721
Convert -308 (base 15) to base 16.
-2ab
Convert 5302 (base 7) to base 13.
b05
-16852 (base 12) to base 2
-111111000111110
Convert -1010110 (base 2) to base 5.
-321
What is 3953 (base 11) in base 13?
2455
Convert 13c2 (base 15) to base 16.
1088
What is 1727 (base 9) in base 11?
aa1
Convert 526b (base 12) to base 15.
2a0b
54994 (base 11) to base 3
11001100122
What is -1122100 (base 3) in base 15?
-54c
-162 (base 10) to base 14
-b8
What is 22020220 (base 4) in base 12?
20034
What is 2022 (base 7) in base 6?
3130
-6652 (base 8) to base 15
-1083
-18aa (base 16) to base 9
-8585
What is 13221 (base 5) in base 6?
4525
What is 7db (base 15) in base 8?
3365
1513 (base 9) to base 4
101322
What is -119 (base 15) in base 11?
-207
What is 11222 (base 8) in base 13?
2219
What is 11952 (base 13) in base 15?
98b6
-432 (base 10) to base 16
-1b0
What is 6825 (base 11) in base 14?
33b7
4156 (base 7) to base 5
21322
123 (base 10) to base 5
443
Convert 292 (base 15) to base 3.
210202
What is -2011020102 (base 3) in base 13?
-1642a
What is 1231 (base 6) in base 13?
1a8
What is -10233 (base 4) in base 10?
-303
-339 (base 14) to base 16
-27f
Convert -143004 (base 5) to base 9.
-8211
d133 (base 14) to base 8
106111
Convert -33001 (base 6) to base 3.
-20020001
What is 2c24 (base 16) in base 13?
51b3
-2002 (base 7) to base 4
-22300
What is -263 (base 14) in base 3?
-122202
What is a691 (base 12) in base 13?
8401
Convert -97c1 (base 14) to base 10.
-26237
101100110 (base 2) to base 10
358
30747 (base 12) to base 2
1111011100100111
-aaf (base 16) to base 6
-20355
142402 (base 5) to base 15
1b87
What is 25777 (base 8) in base 11?
850a
930 (base 13) to base 10
1560
-1305 (base 7) to base 16
-1ef
What is aa4d (base 14) in base 15?
8ae9
Convert 475 (base 10) to base 5.
3400
1143 (base 8) to base 4
21203
-3452 (base 8) to base 6
-12254
Convert 111120 (base 3) to base 2.
101101110
Convert -156350 (base 7) to base 16.
-794c
What is -906 (base 15) in base 2?
-11111101111
Convert -573 (base 8) to base 14.
-1d1
Convert 442 (base 5) to base 9.
145
What is 21d4 (base 14) in base 8?
13356
Convert -23551 (base 7) to base 15.
-1c27
What is -636 (base 8) in base 5?
-3124
What is -44 (base 11) in base 6?
-120
What is -11985 (base 11) in base 16?
-4302
What is 6842 (base 9) in base 14?
1bb6
Convert -1050 (base 11) to base 4.
-111222
What is 3536 (base 10) in base 6?
24212
-26b8 (base 15) to base 2
-10000001010001
Convert -444 (base 12) to base 7.
-1555
What is 151442 (base 6) in base 5?
432032
-43 (base 15) to base 16
-3f
What is -30020330 (base 4) in base 9?
-75178
Convert -101101212 (base 3) to base 5.
-220313
-5155 (base 7) to base 8
-3414
-2210112 (base 3) to base 4
-133313
1100110111111 (base 2) to base 13
3000
What is 102001002 (base 3) in base 2?
1111101110000
-35226 (base 7) to base 13
-4161
-228 (base 14) to base 3
-120212
What is bb (base 14) in base 10?
165
85d (base 15) to base 5
30023
What is -21262 (base 12) in base 14?
-11c38
What is -1a77 (base 12) in base 16?
-cbb
Convert 7876 (base 10) to base 15.
2501
5 (base 11) to base 8
5
What is 1231 (base 8) in base 7?
1640
Convert 43103 (base 8) to base 5.
1033422
7061 (base 13) to base 15
48a8
Convert 9b07 (base 12) to base 10.
17143
What is 231 (base 16) in base 3?
202210
375 (base 14) to base 5
10231
What is 224 (base 14) in base 4?
12220
Convert -21203 (base 6) to base 12.
-1803
Convert 111336 (base 9) to base 13.
24423
Convert -1063 (base 7) to base 2.
-110000100
What is 79 (base 16) in base 15?
81
-520 (base 9) to base 10
-423
Convert -2685 (base 15) to base 13.
-3989
What is -100000001000011 (base 2) in base 10?
-16451
What is -10120111 (base 3) in base 9?
-3514
Convert 9759 (base 10) to base 14.
37b1
151542 (base 6) to base 11
10034
Convert -1560 (base 10) to base 2.
-11000011000
Convert -5719 (base 14) to base 2.
-11101100001011
-216 (base 14) to base 8
-634
23104 (base 5) to base 2
11001110110
What is c19 (base 13) in base 15?
91a
3320320 (base 4) to base 8
37070
-935e (base 15) to base 8
-74643
Convert -6671 (base 9) to base 3.
-20202101
What is -12317 (base 8) in base 10?
-5327
-1336 (base 9) to base 14
-51b
What is -81b (base 15) in base 7?
-5216
Convert -48d6 (base 15) to base 16.
-3c8d
-675 (base 15) to base 2
-10110110100
What is 24511 (base 8) in base 13?
4a70
Convert 317 (base 11) to base 6.
1433
What is 30724 (base 9) in base 11?
1425a
2150 (base 6) to base 3
200110
What is c7a (base 14) in base 8?
4634
92b (base 13) to base 16
616
-22033111 (base 4) to base 2
-1010001111010101
What is 56441 (base 7) in base 12?
8328
-14 (base 6) to base 7
-13
What is -210043 (base 5) in base 11?
-5201
32230 (base 5) to base 7
6246
What is -97 (base 10) in base 9?
-117
Convert -217 (base 12) to base 8.
-463
2925 (base 11) to base 7
14005
-1000000001011 (base 2) to base 6
-31003
Convert -37621 (base 8) to base 11.
-11254
-db0 (base 15) to base 5
-44330
Convert 36104 (base 7) to base 11.
6aa8
What is -101000000110111 (base 2) in base 4?
-11000313
What is -1101010000 (base 2) in base 14?
-448
Convert 1414 (base 7) to base 12.
39a
What is -1447 (base 9) in base 2?
-10001001000
20111 (base 4) to base 11
445
Convert -11243 (base 5) to base 14.
-42b
Convert -3ec (base 16) to base 15.
-46e
What is 20